n factor of 1197 and 14193?
171
Calculate the greatest common factor of 686 and 42.
14
What is the highest common divisor of 15 and 165?
15
Calculate the highest common divisor of 2125 and 119.
17
Calculate the greatest common divisor of 44154 and 198.
198
What is the greatest common factor of 792 and 72?
72
What is the greatest common factor of 60 and 3840?
60
Calculate the greatest common divisor of 183 and 3.
3
Calculate the highest common factor of 13228 and 4.
4
Calculate the highest common factor of 189 and 44982.
189
What is the greatest common divisor of 22 and 55?
11
Calculate the greatest common divisor of 169 and 481.
13
Calculate the highest common divisor of 32 and 24.
8
Calculate the highest common factor of 465 and 9.
3
What is the greatest common factor of 20 and 40?
20
What is the greatest common factor of 105 and 280?
35
What is the highest common factor of 936 and 360?
72
Calculate the highest common factor of 7959 and 42.
21
What is the greatest common divisor of 9600 and 60?
60
What is the greatest common factor of 135 and 585?
45
Calculate the greatest common divisor of 80 and 40.
40
Calculate the greatest common factor of 2786 and 42.
14
Calculate the highest common divisor of 1111 and 1313.
101
What is the greatest common divisor of 36 and 1300?
4
What is the greatest common divisor of 1 and 319?
1
Calculate the greatest common factor of 651 and 1197.
21
What is the greatest common factor of 10225 and 50?
25
Calculate the highest common divisor of 119 and 119.
119
Calculate the highest common factor of 4641 and 273.
273
What is the greatest common factor of 11574 and 162?
18
What is the greatest common divisor of 6 and 1194?
6
What is the greatest common factor of 45 and 13215?
15
What is the highest common factor of 1248 and 390?
78
Calculate the greatest common factor of 1079 and 249.
83
What is the highest common divisor of 6528 and 51?
51
What is the highest common divisor of 265 and 10?
5
What is the highest common factor of 968 and 11880?
88
What is the greatest common divisor of 301 and 49?
7
Calculate the highest common divisor of 32 and 14.
2
Calculate the greatest common factor of 1273 and 201.
67
Calculate the greatest common factor of 280 and 210.
70
What is the greatest common factor of 31551 and 39?
39
What is the greatest common factor of 5600 and 1344?
224
Calculate the greatest common factor of 18 and 105174.
18
What is the greatest common divisor of 5575 and 75?
25
What is the greatest common divisor of 4 and 18?
2
Calculate the greatest common divisor of 64 and 12.
4
Calculate the greatest common divisor of 4 and 5412.
4
Calculate the greatest common factor of 532 and 304.
76
Calculate the highest common factor of 714 and 12.
6
What is the highest common divisor of 763 and 7?
7
Calculate the greatest common factor of 1350 and 100.
50
Calculate the highest common factor of 3201 and 165.
33
What is the highest common divisor of 6 and 23?
1
Calculate the highest common factor of 164 and 3485.
41
What is the greatest common factor of 4279 and 44?
11
What is the highest common factor of 539 and 147?
49
What is the greatest common factor of 190 and 114?
38
Calculate the greatest common factor of 209 and 121.
11
What is the highest common divisor of 150 and 400?
50
What is the greatest common divisor of 56349 and 27?
27
Calculate the greatest common factor of 168 and 48.
24
What is the greatest common divisor of 46 and 98?
2
Calculate the greatest common divisor of 27 and 837.
27
What is the highest common divisor of 2712 and 24?
24
Calculate the highest common factor of 46 and 138.
46
What is the highest common factor of 913 and 1079?
83
Calculate the highest common divisor of 11 and 825.
11
Calculate the greatest common factor of 260 and 485.
5
What is the greatest common factor of 153 and 51?
51
What is the greatest common factor of 4530 and 20?
10
Calculate the greatest common divisor of 24 and 200.
8
What is the greatest common factor of 132 and 48?
12
What is the greatest common factor of 78 and 11674?
26
What is the highest common divisor of 42 and 448?
14
Calculate the highest common factor of 548 and 3699.
137
What is the greatest common divisor of 182 and 2756?
26
Calculate the highest common divisor of 17 and 1513.
17
Calculate the greatest common divisor of 6 and 128.
2
What is the greatest common divisor of 5184 and 3564?
324
Calculate the greatest common factor of 2993 and 438.
73
What is the highest common factor of 1793 and 11?
11
What is the greatest common divisor of 3 and 13?
1
What is the greatest common factor of 41 and 1025?
41
What is the highest common divisor of 57 and 285?
57
What is the greatest common factor of 448 and 868?
28
Calculate the greatest common factor of 624 and 78.
78
What is the greatest common divisor of 6 and 150?
6
Calculate the highest common factor of 1430 and 165.
55
What is the highest common factor of 18 and 2034?
18
What is the greatest common divisor of 200 and 50?
50
What is the highest common factor of 38 and 342?
38
Calculate the greatest common divisor of 15 and 12795.
15
Calculate the greatest common divisor of 50 and 1850.
50
What is the highest common divisor of 1272 and 48?
24
Calculate the highest common divisor of 1825 and 146.
73
What is the greatest common factor of 60 and 4?
4
Calculate the highest common divisor of 168 and 5376.
168
Calculate the greatest common factor of 22 and 1331.
11
What is the highest common factor of 6975 and 558?
279
What is the highest common divisor of 8 and 34?
2
Calculate the greatest common divisor of 52 and 1222.
26
Calculate the highest common divisor of 105 and 7.
7
What is the greatest common factor of 11 and 16?
1
What is the greatest common factor of 1474 and 1056?
22
Calculate the highest common divisor of 61110 and 45.
45
What is the greatest common divisor of 695 and 15?
5
What is the highest common divisor of 105 and 21?
21
Calculate the greatest common divisor of 120 and 132.
12
Calculate the highest common factor of 85 and 170.
85
Calculate the highest common factor of 132 and 432.
12
Calculate the highest common divisor of 10 and 150.
10
What is the highest common divisor of 4812 and 12?
12
Calculate the greatest common factor of 1106 and 21.
7
What is the greatest common factor of 2210 and 390?
130
Calculate the highest common divisor of 45383 and 13.
13
What is the greatest common divisor of 35 and 1365?
35
Calculate the highest common factor of 20 and 66020.
20
Calculate the greatest common divisor of 30 and 12.
6
What is the highest common divisor of 3820 and 10?
10
Calculate the greatest common divisor of 98 and 5796.
14
What is the greatest common factor of 168 and 112?
56
What is the highest common divisor of 31 and 992?
31
Calculate the greatest common factor of 6 and 1077.
3
Calculate the highest common divisor of 510 and 612.
102
Calculate the highest common factor of 28 and 1680.
28
What is the highest common divisor of 2542 and 82?
82
What is the highest common divisor of 871 and 268?
67
What is the greatest common divisor of 11415 and 45?
15
Calculate the greatest common divisor of 2 and 21064.
2
Calculate the greatest common factor of 540 and 30.
30
What is the greatest common factor of 57 and 6859?
19
Calculate the highest common divisor of 7 and 26698.
7
What is the highest common divisor of 255 and 30?
15
What is the greatest common divisor of 1674 and 62?
62
Calculate the highest common divisor of 1331 and 22.
11
Calculate the greatest common factor of 3 and 645.
3
Calculate the greatest common factor of 2272 and 200.
8
Calculate the greatest common factor of 6 and 64.
2
What is the highest common divisor of 175 and 1375?
25
Calculate the greatest common divisor of 7260 and 264.
132
Calculate the highest common factor of 36 and 3804.
12
Calculate the highest common factor of 2916 and 6075.
243
Calculate the greatest common factor of 441 and 252.
63
What is the highest common factor of 276 and 252?
12
What is the greatest common factor of 5700 and 912?
228
Calculate the greatest common divisor of 315 and 700.
35
Calculate the greatest common factor of 88 and 25784.
88
What is the greatest common factor of 290 and 464?
58
Calculate the greatest common divisor of 4844 and 140.
28
W